3*s - 4 + s**2. What is the remainder when z(-8) is divided by 1 - 1 - 1023/(-31)?
31
Let h(l) = l**2 + 8*l + 37. What is the remainder when h(6) is divided by 43?
35
Suppose 2*j = j + 24. Let q(v) = -2*v**2 - 30*v + 35. Let w be q(-16). What is the remainder when j is divided by 28/(-3)*w/(-2)?
10
Let d = -2 - -3. Suppose -9*p + 10*p + 198 = 4*y, 0 = 3*y - 3*p - 135. Calculate the remainder when y is divided by 18*(-3)/(-2 - d).
15
Suppose c + 14 = 56. Let t(x) = -x**3 + 10*x**2 - 3*x + 34. Let h be t(10). Calculate the remainder when c is divided by h*5 + -12 + 8.
10
Let x(d) = -82*d + 692. Calculate the remainder when 604 is divided by x(8).
28
Suppose 2*s - 1630 = 2*j, 5*j - 3264 = -4*s + 10*j. Calculate the remainder when s is divided by 132.
19
Let h(d) = d**2 + 12*d + 73. Let c be h(-13). Suppose 0 = -j - 3*j - 2*q + 68, -5*j = 3*q - c. What is the remainder when 57 is divided by j?
9
Let s(k) = -23*k - 3. Suppose 6*x - 1720 = -2*x. Let r = -169 + x. What is the remainder when s(-6) is divided by r?
43
Let x(a) be the third derivative of 0 - 1/24*a**4 + 0*a + 47/6*a**3 + 8*a**2. What is the remainder when x(30) is divided by 10?
7
Suppose -5*q + 1714*z = 1711*z - 1858, 5*q - 1816 = -4*z. What is the remainder when 1484 is divided by q?
12
Let q(d) = -26*d - 44. Let j be q(-3). Suppose 23*h - 24*h + j = 0. What is the remainder when h is divided by 3?
1
Suppose -6*d + 12*o + 54 = 9*o, -6*d + 46 = -2*o. Let x(u) = -1 + 2*u - 4 + u**2 - 1. Calculate the remainder when x(5) is divided by d.
4
Suppose -1280 = -2*n + h, 95*n = 91*n - h + 2566. What is the remainder when n is divided by 128?
1
Let j(n) be the first derivative of -11/2*n**2 - 8*n - 5 - 1/3*n**3. Calculate the remainder when j(-5) is divided by 5.
2
Suppose -18 = 3*j - 6. Suppose 37 = -h + 29. What is the remainder when 11 is divided by (10/j)/(4/h)?
1
Let s(q) = 45*q + 456. Let u(k) = 2*k**2 - 4*k + 28. Calculate the remainder when u(7) is divided by s(-9).
47
Suppose 422*q - 14880 = 50*q. Calculate the remainder when 631 is divided by q.
31
Suppose -4*g = -3*l + 839, -79*l + 75*l + 5*g + 1118 = 0. Suppose 16 + 12 = m. What is the remainder when l is divided by m?
25
Let o = -10 + 61. Calculate the remainder when o is divided by 3 + 1/(-1)*-10.
12
Suppose -92*c = 159*c - 5990 - 15847. Calculate the remainder when 4523 is divided by c.
86
Suppose 0 = r + 3*w - 99, 2*r + 4*w - 309 = -123. Calculate the remainder when r is divided by 14.
11
Let n = 39952 + -39947. Let o(i) = 7*i**2 + 4*i - 5. What is the remainder when o(4) is divided by n?
3
Let n = -303 + 966. Suppose 0 = z + 3*j - 127, 5*z = -0*z - j + n. Suppose -7*l + 0*l = -z. What is the remainder when 72 is divided by l?
15
Let y(x) = -56*x + 3766. Calculate the remainder when y(58) is divided by 80.
38
Let b be ((-3)/((-6)/(-10)))/((-14)/(-98)). What is the remainder when b/(-2)*28/10 is divided by 34?
15
Suppose z + 3*z = 0. Let i = 79 + -74. Suppose -2*b - 29 = -5*y - 7, z = y - b - i. What is the remainder when 14 is divided by y?
2
Suppose -227*o + 23512 - 9550 = -25763. Calculate the remainder when o is divided by 87.
1
Let o = 9 - 32. Let g = 22 + -66. Let c = o - g. Calculate the remainder when 39 is divided by c.
18
Let y(h) = -237*h + 100 + 29 + 467*h - 233*h. What is the remainder when 40 is divided by y(41)?
4
Let j(x) = -x**2 - 5*x - 1. Let f be j(-4). Suppose -d = -f*g + 36, -5*d = -g + 15 + 11. What is the remainder when ((43/5)/(6/5))/(31/186) is divided by g?
10
Let c(q) = -2*q**3 - 5*q - 2. Suppose -70 = -3*v - 4*s, 3*v + 19 = s + 99. What is the remainder when v is divided by c(-1)?
1
Let h = 181 + 7. Suppose 9*i = 6*i + 114. What is the remainder when h is divided by i?
36
Suppose 0 = 3*z - 2*z - 138. Suppose 5*o - 62 - z = 0. Let m = o + -32. What is the remainder when 11 is divided by m?
3
Let w(v) = -v**3 - 18*v**2 - 5*v - 81. Let o = 1 - 19. What is the remainder when 89 is divided by w(o)?
8
Suppose -373*v = -405*v + 431 + 2001. What is the remainder when 155 is divided by v?
3
Calculate the remainder when -4*120/32 + 6 - -1202 is divided by 62.
15
Suppose 9*l - 112 = 5*l. Suppose 4*m = -3*k + 162, 5*m = -3*k + 176 + l. Let w = 81 - m. What is the remainder when w is divided by 7?
4
Let p(s) = 64*s + 68. Let z be p(-1). Suppose -z*m - 1297 = -1529. Calculate the remainder when 178 is divided by m.
4
Suppose 318*x + 402*x - 5400 = 270*x. What is the remainder when 3/2*1336/6 is divided by x?
10
Let j(u) = 19*u + 5. Let v be j(4). Suppose 0*l - v = -3*l. Suppose 21*k - 2505 = -123*k - 23*k. Calculate the remainder when l is divided by k.
12
Suppose 40 = -76*l + 80*l + 2*j, 5*j = 20. Calculate the remainder when 1830 is divided by l.
6
Let z(j) = 137*j**2 - 14*j + 13. Calculate the remainder when z(1) is divided by 36.
28
Let g be (-160)/(-6) - (64/(-12) + 6). Suppose 6 = 5*t + g. Let y = t - -111. What is the remainder when y is divided by 36?
35
Let o(m) = 3*m - 78. Let x be o(27). Suppose b - 2*t = x*t + 15, b - 2*t - 30 = 0. What is the remainder when 236 is divided by b?
36
Suppose 5*j = b + 117, -6*b = -5*j - 7*b + 103. Let w(c) = c**3 + c**2 + 86. What is the remainder when w(0) is divided by j?
20
Calculate the remainder when (7305/6)/(1*8/112) + -3 is divided by 39.
38
Suppose 0 = 2*i - 5*i - s + 25, -5*i - 2*s + 40 = 0. Let a(u) = 16*u - 34. Let y be a(11). Let x = -127 + y. What is the remainder when x is divided by i?
5
Let h = -33 - -83. Suppose q = -3*s + s + 48, 2*q - h = -2*s. Let l = 10 + -4. What is the remainder when s is divided by l?
5
Suppose 149*n - 587 = 1654 + 1037. What is the remainder when 92 is divided by n?
4
Let s(q) be the second derivative of -q**4/12 - 5*q**3 - 22*q**2 + 67*q. What is the remainder when 59 is divided by s(-28)?
11
Let m(w) = 2222*w - 134. Calculate the remainder when m(1) is divided by 521.
4
Suppose -5*m + 390 = -4*p + 65, -5 = -p. Let r = m - 58. Let o = 41 + -21. What is the remainder when o is divided by r?
9
Let r = -60 + 123. Let n = 71 - r. Suppose 6*l = 136 + n. Calculate the remainder when 86 is divided by l.
14
Suppose 11*x - 6185 = -2346. Let n = -331 + x. Calculate the remainder when 65 is divided by n.
11
Suppose 16833*y = 16812*y + 7287. Calculate the remainder when y is divided by 29.
28
Let v(t) = 2*t - 3. Let x be v(3). Suppose -x*m - m = -64. Let d(p) = -274*p - 31481. Calculate the remainder when d(-115) is divided by m.
13
Suppose 652*u - 300 = 577*u. What is the remainder when 1427 is divided by u?
3
Let n = 134 - 81. Let r = 58 - n. Suppose -r*z = 4*o - 610, 0*o - 3*o - 645 = -5*z. What is the remainder when z is divided by 32?
30
Suppose -216*j + 1668 = 81*j - 19*j. Let m = 35 + -8. Calculate the remainder when m is divided by j.
3
Let d be 4 - (-2*(-1)/(-2) + 3). Suppose 3*x + d*m = 43, -6*m - 23 = -3*x - 4*m. What is the remainder when x is divided by (-4 + 0)/(2/(-5))?
1
Let w(y) = -y**3 - 3*y**2 + 23*y + 218. Suppose 0 = 7*i - 5*i - 110. Calculate the remainder when w(0) is divided by i.
53
Let y = -309 - -535. Let r(q) = 2*q**2 + 37*q - 22. Calculate the remainder when y is divided by r(-20).
36
Let y(v) = 234*v**3 - 118*v**2 - 3*v - 4. Calculate the remainder when y(3) is divided by 69.
68
Suppose 0 = 5*z - 485 + 460. Suppose 0 = z*a - 10 - 0, -3*a = -4*n + 234. What is the remainder when 250 is divided by n?
10
Suppose 4*s - 176 = -28. Suppose 60*a - s*a = 667. Suppose -4*t + 5 = -k - 2, 0 = t - 3. Calculate the remainder when a is divided by k.
4
Let u be (-3 - -4 - 4)*1. Let g = 36 + u. Suppose 35*v = g*v + 34. What is the remainder when 33 is divided by v?
16
Let z(l) = -l**3 + 7*l**2 + 3*l - 9. Suppose -169 = 7*v - 211. Calculate the remainder when 1719/36 + v/(-8) is divided by z(7).
11
Let d = -156 - -47. Let l = -107 - d. Suppose -n - l*j + 13 = 0, 4*j = 7*n - 2*n - 107. Calculate the remainder when 73 is divided by n.
16
Suppose 5*j + u = 2*u - 4121, -3*u = 12. Calculate the remainder when 158 is divided by (18/(-5))/(55/j).
50
Calculate the remainder when (-12)/9*(8 - ((-17901)/(-36) - 7)) is divided by 15.
13
Suppose -3209 = -4*t + 2*l + 2353, 0 = 5*t - 5*l - 6945. What is the remainder when t is divided by 127?
122
Suppose -54861 = 98*u - 171285. Calculate the remainder when u is divided by 71.
52
Let l(x)